*x + g*x - 6 = 0. Suppose 7 = -x*t - 3. Determine k(t).
-1
Let v(m) be the second derivative of -m**4/12 - m**3/6 - 7*m**2/2 - m. Suppose -2*k = -5*k. Give v(k).
-7
Let q(j) = 4*j + 1. Let x(t) = -t. Let f(d) = q(d) + 2*x(d). Determine f(-4).
-7
Let l(f) = -f. Let g be 4 + 1 - (-1 - 0). Let d be (-4)/3*g/2. Give l(d).
4
Suppose 0 = -2*o + 5*o - 9. Let k(z) = -4 + 4*z - 3*z + 2*z. What is k(o)?
5
Let y(h) be the second derivative of -1/3*h**3 - 3*h**2 + 0 + 6*h. Determine y(-5).
4
Let k(x) = -x**2 + 4 + 0 + 4*x + 3 - 9*x. Suppose -5*z = 13 + 17. What is k(z)?
1
Let a(u) be the second derivative of -u**3/6 - 3*u**2/2 - 2*u. Let f(s) = 1. Let i(p) = -a(p) - 5*f(p). Give i(3).
1
Suppose -14*o = -6*o + 48. Let f(r) = r**2 + 9*r + 3. Determine f(o).
-15
Let p(x) be the first derivative of x**2/2 + 8*x + 2. Let q be p(-6). Let n(k) be the first derivative of -k**2 + 2*k + 1. Determine n(q).
-2
Let u(f) be the first derivative of -f**3/3 + f**2/2 - f - 3. Let c be (-2)/(-1 - -2) - -9. Suppose -3*p - 12 = 3*t - c*t, 8 = 2*t - 2*p. Calculate u(t).
-1
Let q(z) = -7*z - 1. Let f = -18 + 11. Let a = 6 + f. What is q(a)?
6
Let l(v) be the second derivative of 7*v**4/24 - v**3/6 - v**2/2 + 3*v. Let o(p) be the first derivative of l(p). Give o(-1).
-8
Let m be (-5)/(-15) - 8/6. Let r be -6 + (5 + m)/2. Let s(u) = -3*u - 5. What is s(r)?
7
Let r(b) = -b**3 - 3*b + 41 + b + 4*b**2 + 0*b**2 - 36. Determine r(4).
-3
Let s(h) be the first derivative of -h**4/4 - 5*h**3/3 - 3*h**2/2 - h - 22. Give s(-5).
14
Let b(a) = -a**2 + 2*a + 1. Suppose 0*h - h = -6. Let u be (1*-1)/((-2)/h). Suppose -u*z - 3*l = 0, -3*z - 2*l - 3*l = -2. Determine b(z).
-2
Let k = -9 + 4. Let a(c) = c**2 + 1. Let m(l) = 3*l**2 - 2*l + 6. Let x(z) = k*a(z) + m(z). Suppose -3*n = -3*v - 15, -n + 3*v = 4*n - 17. Determine x(n).
-3
Let o(n) = -n**3 - 7*n**2 + 2*n + 8. Let h = -22 - -15. What is o(h)?
-6
Let c = -24 + 15. Let g(h) = -h**3 - 9*h**2 - h - 10. Let v be g(c). Let y(o) be the second derivative of 5*o**4/6 + 2*o. What is y(v)?
10
Let g(c) = -c**2 - 7*c + 2. Suppose 52 = -4*b - 5*z, 3*z = 2*b + 2*b + 20. Give g(b).
-6
Let v = -3 - 3. Let z(d) = d**3 + 6*d**2 + d + 8. Let r be z(v). Let i(f) = f**3 - 3*f**2 + 2. Give i(r).
-2
Let w be 3/(-6) - (-18)/(-4). Let h(a) = -1 - 6*a + 9 - 8 - 4 - a**2. Calculate h(w).
1
Let c(r) = -4*r + 5. Let t be c(-4). Suppose -8 = -2*z, -5*j + 6 = 3*z - t. Let i(o) = 16*o - 22*o - 2 + 10*o. Determine i(j).
10
Let a(w) be the third derivative of -w**5/30 + w**3/6 + 4*w**2. What is a(2)?
-7
Let g(x) be the first derivative of -x**4/2 + x**3/3 - x + 9. Calculate g(1).
-2
Let b(k) = -7*k. Suppose 3*z - 15 = -2*u, 3*z + u - 13 = -1. Suppose 2 + 1 = z*t. Give b(t).
-7
Let w(y) = y + 1. Suppose 0 = -2*v - 3*v + 10. Suppose -2*c = -2*g + 6, v*g - 9 = c + 2*c. Give w(c).
-2
Let r be (1 + 1)/((-6)/(-9)). Suppose a = r*a. Suppose a = 2*v - 1 - 7. Let h(t) = -t - 2. Determine h(v).
-6
Let u(a) = -6*a**2 - 5*a - 1. Let f(h) = -7*h**2 - 6*h - 2. Let c(o) = 5*f(o) - 6*u(o). What is c(3)?
5
Let d(k) be the third derivative of -k**6/360 + k**5/30 + 5*k**4/24 - k**3/6 - 5*k**2. Let z(r) be the first derivative of d(r). Let h = 1 - -5. What is z(h)?
-7
Let v be ((-8)/6)/((-12)/(-36)). Let m(j) = 6 + j + 3 - 2. Calculate m(v).
3
Let i(j) = -25*j**2 - 4*j - 2. Let v(p) = -12*p**2 - 2*p - 1. Let z(c) = -4*i(c) + 9*v(c). Determine z(-1).
-7
Let y(a) = a**2 - 1. Let i(p) = p + 1. Let o(w) = 3*i(w) + y(w). Let q be 3/(-1) - (4 + 0 + -2). Give o(q).
12
Let o be (-2*(-5)/25)/(1/15). Let s(l) = l**3 - 6*l**2 + 3*l - 9. Determine s(o).
9
Suppose -2*c = 7 + 5. Let r(v) = -7*v**2 - 5*v - 1. Let d(w) = -15*w**2 - 10*w - 2. Let b(a) = 6*d(a) - 13*r(a). What is b(c)?
7
Let s(r) = r**3 + 4*r**2 + 3*r - 2. Let j = 9 + -13. Determine s(j).
-14
Let i(q) be the second derivative of -3*q**8/2240 - q**7/2520 + q**5/120 + q**4/3 - 4*q. Let g(s) be the third derivative of i(s). Give g(1).
-9
Let o(x) = 414*x - 205*x - 4 - 210*x - 4 - 11*x**2 - x**3. Calculate o(-11).
3
Suppose 0*n = -4*n + 8. Let i be 2/n*-1*-1. Let h be 4 - (-3 + i) - 2. Let l(m) = m**3 - 3*m**2 - 6*m + 3. What is l(h)?
-5
Let j = 0 + 5. Let r(a) = -5 + 2 - 4*a**2 + a**3 - a**3 + a**3 - 4*a. Let b be r(j). Let c(g) = g**3 - 2*g**2 + 4*g - 2. Calculate c(b).
6
Let l = -35 - -34. Let o(m) = -m**3 + m**2 + m + 1. What is o(l)?
2
Suppose -22 + 6 = -4*k. Let m(c) be the first derivative of c**3/3 - 2*c**2 + 4*c - 2. Calculate m(k).
4
Let c(m) = 3*m - 2. Suppose 4*d = 20, -66 + 17 = -4*p - 5*d. Let s be ((-8)/p + 2)*6. Suppose -4*k = 2*z - 24, -z + s*z = 3*k. Calculate c(k).
10
Let p(t) be the second derivative of -t**4/12 + 4*t**3/3 - 7*t**2/2 + t. What is p(6)?
5
Let g be 1*(3 - 4)*-1 + 2. Let w(u) = -u - 3. Calculate w(g).
-6
Let m = 7 - 4. Let o(c) = -4*c**2 - 4 + 3*c**2 + 2*c**2 - 3*c. Let z be o(m). Let d(n) = n**3 + 5*n**2 + 5*n + 5. Calculate d(z).
1
Let u(d) = d**2 + 6*d + 7. Let g(z) = -z**2 - 6*z - 8. Let r(h) = -4*g(h) - 5*u(h). Let i = 26 + -31. Determine r(i).
2
Suppose 0 = 2*b - 5*b + 12. Suppose t + 1 = -2*h, 3*t = h - 9 + 20. Let v(p) = t*p + 0*p - 5 - p**2 + 2. Give v(b).
-7
Let x be (-3)/((-15)/(-10)) + 1. Let r(k) = -k**2 + k + 1. Let a(c) = -3*c**2 + 5*c + 3. Let v(f) = -a(f) + 4*r(f). What is v(x)?
1
Suppose -i + 3*f - 4*f + 7 = 0, -i - 3*f + 15 = 0. Let w(o) = o**3 - 4*o**2 + 2*o + 1. Determine w(i).
-2
Let h(d) = d**3 - d**2 + 2*d - 1. Suppose -4 = -i - s, 17 + 11 = 5*i - 3*s. Suppose 7*f = 2*f + i. Determine h(f).
1
Let p = 4 + -1. Suppose -p*o + 16 = -2*i, 0*o + o + 4*i + 18 = 0. Let r(f) be the first derivative of f**4/4 - f**3/3 - f - 1. Calculate r(o).
3
Let i = -9 + 10. Let h(d) = d**2 + d + 1. Let y(s) = -s**3 + 3*s**2 + 3*s - 2. Let x(r) = i*y(r) - 3*h(r). Calculate x(0).
-5
Let r(y) be the third derivative of y**5/60 + y**4/4 + y**3/2 - 2*y**2 + 4*y. Give r(-5).
-2
Suppose 16 = 2*u + 2*u. Let a(s) be the third derivative of -s**4/24 + s**3/2 - 11*s**2. What is a(u)?
-1
Let t = -11 + 11. Let d(u) = 1 + t - 2*u**2 + u + 3 + u**2. What is d(3)?
-2
Let h(t) be the third derivative of t**7/840 - t**6/60 - t**5/120 + 7*t**4/24 + t**3/3 + 4*t**2. Let i(a) be the first derivative of h(a). What is i(6)?
1
Let c be (6/(-15))/(6/(-30)). Let k(i) = -4*i**3 - 9*i**2 + 9*i - 7. Let g(q) = 5*q**3 + 10*q**2 - 10*q + 8. Let j(x) = 5*g(x) + 6*k(x). Determine j(c).
-2
Let d(o) = 80*o - 35. Let n(a) = 9*a - 4. Let j(y) = 4*d(y) - 35*n(y). Give j(-3).
-15
Let g(v) = 16*v**3 + 4 + 0*v**2 + 7*v - 3*v**2 - v**2 - 17*v**3. Calculate g(-5).
-6
Let v(d) = d + 4. Suppose -5*l + 12 = -2*l. Suppose -l*r = r - 2*a - 148, -4*r - 5*a = -92. Suppose -r = 2*u - 4*b, 2*u - 3*u = -5*b + 29. What is v(u)?
0
Suppose 0 = z + 2*z + 3. Let r(s) = -12*s - 1. Determine r(z).
11
Let z(a) = -7*a + 10. Let p(k) = 11*k - 15. Suppose 0 = -2*h - 4*s + 8, 3*h - 3*s = -0*s + 30. Let j(v) = h*z(v) + 5*p(v). Calculate j(-5).
10
Let t(d) = 2*d - 2. Suppose -6*a - 8 = -2*a. Determine t(a).
-6
Let t(i) = -i**2 - 8*i - 3. Suppose s = -a + 4*a, -20 = 2*s + 4*a. Give t(s).
9
Suppose 2*m = -2*s + 2 - 0, -4*m + 12 = 0. Let o = s + 2. Suppose o = 4*n - 8, -2*c + 0*n - 2*n = -8. Let f(k) = k**2 + 3*k - 2. Calculate f(c).
8
Let s(r) = 7*r**2 + 2*r + 1. Let q be s(-1). Suppose -q*v + 4*v + 6 = 0. Let j(x) = 2*x - 2*x - x**2 + 0*x**2 - v + 4*x. Give j(5).
-8
Let f(r) be the first derivative of 1/2*r**2 - 1/6*r**4 - 1 + 0*r**3 + 1/20*r**5 - 3*r. Let n(h) be the first derivative of f(h). Determine n(2).
1
Let x be 50/(-5)*2/(-2). Let b be 6/x*5*-1. Let p(q) = q**2 + 3*q - 3. Determine p(b).
-3
Let v be (-6)/9 + 3/(-9). Let h(j) = j**3 + 7*j**2 - 8*j + 3. Let k be h(-8). Let z(a) = -k*a + 1 - 2 + 9*a**2 - 10*a**2. Determine z(v).
1
Let r(t) be the second derivative of t**5/20 - t**4/3 - t**3 + 5*t**2/2 + 21*t. Suppose -6 = -s - 2*s. Let u be (-1)/s*-6 + 2. Calculate r(u).
0
Let h(w) be the first derivative of -w**6/360 + 7*w**5/120 + w**4/8 - 7*w**3/3 + 1. Let v(g) be the third derivative of h(g). Calculate v(6).
9
Let q(v) = 3*v**3 + 2*v**2 - 1. Let a(c) = 2*c - 14. Let h(m) = 3*m - 27. Let b(d) = -5*a(d) + 3*h(d). Let u = 2 + -12. Let i be b(u). Determine q(i).
-2
Suppose i = 2*i - 2. Suppose 1 = -2*t - i*n - 5, 4*t = 4*n + 20. Let a(o) = -12*o**2. Calculate a(t).
-1